4 and 13.
13
Calculate the highest common factor of 8 and 144.
8
Calculate the greatest common divisor of 342 and 9.
9
Calculate the greatest common divisor of 153 and 54468.
153
Calculate the highest common divisor of 600 and 648.
24
Calculate the highest common factor of 27 and 108.
27
Calculate the greatest common divisor of 936 and 153.
9
What is the greatest common factor of 3497 and 52?
13
What is the greatest common divisor of 2424 and 24?
24
What is the greatest common divisor of 50 and 560?
10
What is the highest common divisor of 279 and 2201?
31
Calculate the greatest common divisor of 3672 and 648.
216
Calculate the highest common divisor of 191 and 15853.
191
What is the greatest common divisor of 3952 and 624?
208
What is the highest common factor of 2 and 38?
2
What is the greatest common divisor of 671 and 11?
11
Calculate the greatest common factor of 16 and 2224.
16
What is the highest common factor of 496 and 155?
31
Calculate the greatest common factor of 22 and 704.
22
What is the highest common factor of 355 and 20?
5
Calculate the greatest common divisor of 4130 and 42.
14
What is the highest common factor of 96 and 3?
3
Calculate the greatest common divisor of 1465 and 5.
5
Calculate the greatest common factor of 76 and 2812.
76
What is the highest common divisor of 11 and 88?
11
Calculate the greatest common divisor of 12 and 3.
3
What is the highest common factor of 234 and 1989?
117
Calculate the greatest common divisor of 96 and 21480.
24
What is the greatest common divisor of 33 and 3564?
33
What is the greatest common factor of 17856 and 16?
16
Calculate the highest common factor of 4 and 53.
1
What is the highest common divisor of 300 and 420?
60
What is the greatest common divisor of 20 and 36?
4
What is the greatest common factor of 112 and 1024?
16
Calculate the greatest common factor of 817 and 19.
19
What is the greatest common divisor of 182 and 1022?
14
Calculate the highest common factor of 7 and 25.
1
Calculate the greatest common factor of 10328 and 16.
8
Calculate the greatest common factor of 387 and 24.
3
Calculate the greatest common factor of 17586 and 108.
18
Calculate the highest common divisor of 531 and 118.
59
Calculate the highest common factor of 100 and 1575.
25
Calculate the greatest common factor of 2193 and 51.
51
Calculate the highest common factor of 4575 and 225.
75
What is the greatest common divisor of 245 and 640?
5
What is the greatest common divisor of 570 and 437?
19
What is the highest common divisor of 152 and 418?
38
Calculate the highest common divisor of 102 and 174.
6
What is the highest common factor of 11 and 297?
11
What is the greatest common divisor of 20 and 52?
4
Calculate the highest common factor of 110 and 1320.
110
Calculate the greatest common divisor of 55 and 913.
11
What is the highest common factor of 8 and 39776?
8
What is the highest common factor of 30 and 20?
10
What is the greatest common factor of 246 and 6?
6
What is the highest common factor of 1 and 41?
1
What is the highest common divisor of 272 and 16?
16
What is the highest common factor of 568 and 28542?
142
Calculate the highest common divisor of 790 and 20.
10
What is the highest common factor of 42 and 882?
42
Calculate the greatest common divisor of 401 and 105463.
401
Calculate the highest common divisor of 12720 and 720.
240
Calculate the greatest common factor of 765 and 45.
45
What is the greatest common divisor of 1392 and 420?
12
What is the greatest common factor of 170 and 26945?
85
Calculate the greatest common divisor of 200 and 150.
50
What is the greatest common factor of 14 and 50?
2
Calculate the greatest common factor of 120 and 780.
60
Calculate the greatest common divisor of 56 and 2744.
56
What is the highest common divisor of 8 and 40?
8
Calculate the greatest common divisor of 72 and 4608.
72
Calculate the highest common divisor of 711 and 36.
9
Calculate the highest common factor of 108 and 972.
108
Calculate the highest common factor of 94 and 19082.
94
Calculate the greatest common factor of 81873 and 99.
99
Calculate the highest common divisor of 160 and 5.
5
Calculate the highest common factor of 825 and 12100.
275
Calculate the highest common divisor of 670 and 20.
10
What is the highest common factor of 248 and 14818?
62
What is the greatest common factor of 448 and 1904?
112
Calculate the highest common divisor of 11120 and 20.
20
Calculate the highest common divisor of 41 and 1763.
41
Calculate the greatest common factor of 40 and 20.
20
What is the greatest common factor of 57 and 95?
19
Calculate the highest common factor of 42 and 112.
14
Calculate the greatest common divisor of 60 and 210.
30
What is the highest common divisor of 55 and 275?
55
Calculate the greatest common factor of 140 and 16.
4
Calculate the greatest common divisor of 261 and 116.
29
What is the greatest common divisor of 54 and 120?
6
Calculate the greatest common factor of 3430 and 140.
70
What is the greatest common divisor of 100990 and 10?
10
What is the highest common divisor of 7685 and 530?
265
Calculate the greatest common divisor of 21 and 336.
21
What is the highest common divisor of 10877 and 149?
149
What is the greatest common factor of 110 and 810?
10
What is the highest common factor of 10991 and 58?
29
Calculate the highest common factor of 5504 and 160.
32
Calculate the highest common divisor of 40 and 1370.
10
What is the greatest common factor of 68 and 697?
17
What is the greatest common factor of 198 and 6?
6
What is the highest common factor of 84 and 623?
7
Calculate the highest common factor of 117 and 5850.
117
Calculate the highest common factor of 84 and 108.
12
Calculate the highest common divisor of 183 and 2745.
183
What is the highest common divisor of 8310 and 18?
6
Calculate the greatest common factor of 1056 and 1012.
44
What is the greatest common divisor of 350 and 5530?
70
Calculate the highest common factor of 77 and 616.
77
What is the greatest common factor of 1394 and 902?
82
What is the highest common divisor of 615 and 15?
15
What is the greatest common factor of 108 and 2316?
12
What is the greatest common factor of 14 and 2?
2
What is the highest common factor of 16753 and 77?
11
What is the greatest common divisor of 468 and 4608?
36
What is the highest common divisor of 306 and 1071?
153
What is the highest common divisor of 21 and 2667?
21
What is the greatest common factor of 4 and 2804?
4
What is the highest common factor of 16 and 664?
8
Calculate the greatest common factor of 57 and 6897.
57
Calculate the greatest common factor of 56 and 1624.
56
Calculate the highest common divisor of 28689 and 292.
73
Calculate the greatest common factor of 45 and 2880.
45
What is the highest common factor of 2985 and 60?
15
Calculate the highest common divisor of 2016 and 294.
42
What is the highest common factor of 2450 and 98?
98
Calculate the highest common factor of 1474 and 352.
22
What is the highest common divisor of 1219 and 424?
53
What is the highest common divisor of 80 and 64?
16
Calculate the highest common divisor of 224 and 42.
14
Calculate the highest common divisor of 5219 and 34.
17
Calculate the highest common factor of 3771 and 45.
9
Calculate the highest common factor of 258 and 473.
43
What is the highest common divisor of 220 and 5995?
55
Calculate the highest common divisor of 125 and 1225.
25
Calculate the highest common factor of 2600 and 375.
25
Calculate the greatest common divisor of 13 and 6.
1
What is the greatest common divisor of 92 and 5543?
23
Calculate the greatest common divisor of 459 and 357.
51
Calculate the greatest common factor of 15 and 95.
5
What is the highest common factor of 648 and 936?
72
Calculate the greatest common divisor of 295 and 14455.
295
Calculate the greatest common factor of 250 and 10.
10
Calculate the greatest common factor of 2774 and 1606.
146
What is the highest common divisor of 225 and 50?
25
What is the highest common factor of 15 and 255?
15
What is the highest common divisor of 36 and 189?
9
What is the highest common divisor of 27488 and 128?
32
What is the highest common factor of 675 and 27?
27
Calculate the greatest common divisor of 3776 and 64.
64
Calculate the greates